highest common factor of b and l?
33
Suppose -5*h = -15 - 0. Let l = 25 + h. Let b be 594/154 - (1 + (-16)/14). What is the highest common divisor of b and l?
4
Let r(i) = 44 - 2*i**2 + 49 - 148 + 46 - 19*i. Let k be r(-8). What is the greatest common factor of 90 and k?
15
Let r(l) = -4*l - l - 3*l**3 + 1 + 8*l**3 - 2*l**3. Let o be r(2). Calculate the highest common factor of o and 30.
15
Suppose -2*w - 36 = -2*r, 2*w + 1 = -5*r - 14. Let p = 31 + w. Suppose -h + 98 = -y, 4*h - 278 = h - 5*y. What is the highest common factor of p and h?
16
Suppose 3*f - 47 = -5. Suppose 5*s + f = 74. What is the greatest common factor of 60 and s?
12
Let l = 3383 + -2315. Calculate the greatest common divisor of l and 12.
12
Suppose -271 = 10*g - 411. Calculate the greatest common factor of 2114 and g.
14
Suppose -p + 23 + 23 = r, -5*r + 3*p = -222. What is the highest common divisor of r and 720?
45
Suppose -5*k - 518 - 816 = -3*a, -a + 450 = k. Calculate the highest common factor of a and 28.
28
Let f be 15/(-10)*(-34)/3. What is the greatest common factor of 3 and f?
1
Suppose 29*g + 41*g = 10220. What is the highest common divisor of 4234 and g?
146
Let u be (-1)/(-3) + 1460/30. What is the greatest common divisor of 14 and u?
7
Let b = -3 + 0. Let n be (b + 2)/(1/(-3)). Let u = 7 + n. What is the greatest common factor of 40 and u?
10
Let l(n) be the third derivative of n**5/60 - n**4/4 + n**3 + 9*n**2. Let c be l(10). Calculate the highest common divisor of c and 115.
23
Let c(r) = r + 17. Let i be c(-11). Let s = -8 - -14. Calculate the highest common factor of s and i.
6
Suppose 3*k - 78 = 204. What is the highest common divisor of k and 141?
47
Let k(y) = -y**2 + 6*y - 2 - 5*y - 4*y. Let v be k(-2). Suppose 3*i - 9 = v, -105 = 4*r - 9*r - 5*i. Calculate the highest common divisor of 198 and r.
18
Suppose 2*x = -0*x. Suppose -r = 3*i - x*r - 12, -3*i - 6 = -5*r. Suppose i*v - 40 = 65. Calculate the highest common divisor of 5 and v.
5
Let l = 591 - 420. Let i = l + -99. What is the highest common factor of i and 8?
8
Suppose 35*k - 48*k = -1950. What is the highest common divisor of 60 and k?
30
Suppose -7*v + l + 414 = -6*v, -2*v + 5*l + 828 = 0. What is the highest common factor of 72 and v?
18
Suppose -8*q + 321 = 225. What is the highest common factor of 2784 and q?
12
Let n = -21 - -34. Let u(g) = g**2 + 19*g. Let f be u(-10). Let p be ((-54)/f)/((-2)/(-390)). What is the highest common factor of p and n?
13
Let i(j) = -2*j**3 + 15*j**2 - 4*j - 16. Let b be i(7). Calculate the greatest common factor of 205 and b.
5
Let r be ((-1)/(10/(-168)))/(6/20). What is the greatest common factor of r and 7?
7
Let m(s) be the second derivative of s**4/6 - s**3 - 3*s**2/2 + 5*s. Let r be m(5). Let c = 24 + -7. Calculate the highest common factor of r and c.
17
Let f = 32 - -17. Let t(g) = 0*g**3 - 5 + g**3 + 2*g + 6*g**2 - 7*g**3 + 5*g**3. Let o be t(6). Calculate the highest common factor of f and o.
7
Suppose -156*u = -169*u + 5031. Suppose 5*m = -5*p + 190, -167 = -5*m + m - p. Calculate the greatest common factor of u and m.
43
Suppose -15 = -q - 4*o, 4 = -2*o + 14. Let a be (-2 + 0)*(3 + q). What is the greatest common factor of a and 4?
4
Let m be (-1715)/(-133) - (-20)/190. Let y(t) = 3*t - 2. Let z be y(5). Calculate the highest common factor of z and m.
13
Let f be (-1 - -1)/(3 + -2). Suppose f = -10*s + 12*s + 8. Let q be (0 - s)*4/8. What is the greatest common divisor of q and 3?
1
Let o be ((-124)/(-10))/((-2)/(-10)). Suppose 4*g - k - 617 = 0, 5*g - 772 = 6*k - 5*k. Calculate the highest common factor of o and g.
31
Let p = 5 + 1. Let y be (8 - 2)*16/p. Let w = -2921 - -2925. Calculate the greatest common divisor of w and y.
4
Suppose 2*d - 2*y = -0*y, y = 2*d. Suppose d = -2*u - 5*z + 344, 4*z + 344 = u + u. What is the greatest common factor of u and 43?
43
Let y be ((-36)/45)/((-4)/30). Suppose j + 29 = 3*b + y*j, 0 = 3*b - 5*j - 19. Let w = 7 + -5. What is the greatest common factor of b and w?
2
Let u = 178 - -17. What is the highest common factor of u and 15?
15
Let z be (-4 + 44/10)*10. Suppose -z*d + 2112 = 4*d. Calculate the greatest common divisor of d and 24.
24
Let b = 11 + -3. Let r(h) = 4*h**3 - 3*h**3 - h - 4*h**2 + 21 - 9*h**2 + 0*h**2. Let v be r(13). What is the highest common divisor of v and b?
8
Let r(c) = 30*c - 259. Let q be r(10). What is the greatest common factor of 1435 and q?
41
Suppose 3*d - 2*d + 5*p = -1, -2*d + 5*p + 73 = 0. Suppose -4*m = m - 5. Suppose -6*r = m - 19. What is the highest common factor of r and d?
3
Let v(p) = -2*p**2 - p + 10. Let j(r) = r + 3. Let b be j(-3). Let m be v(b). Suppose -h = -4*h + 330. What is the greatest common factor of m and h?
10
Suppose -2*z = -145 - 161. What is the highest common factor of z and 17?
17
Let j be 0 + 8*-10*2/(-8). What is the greatest common factor of 160 and j?
20
Let z(q) = q + 2. Let b be z(2). Suppose b = r + 2. Let v be (r + 13)*1/1. Calculate the highest common factor of v and 6.
3
Suppose -2*s + 85 + 3 = 0. Let j = 96 - s. Calculate the greatest common factor of 39 and j.
13
Suppose 24*u = 25*u - 272. Calculate the highest common divisor of u and 34.
34
Suppose 14 = o - 0*o. Let n be 104/2*3 + 0. Let t be 4/(-22) - n/(-11). What is the highest common factor of o and t?
14
Let m be (2/((-16)/26))/(83/(-664)). Let t = -1 + 1. Suppose t = 2*g + 24 - 102. Calculate the greatest common factor of m and g.
13
Let x(d) = d**3 + 15*d**2 - 10*d - 60. Let m be x(-15). What is the highest common divisor of m and 855?
45
Let r(q) = -q**3 + 42*q**2 + 54*q - 354. Let g be r(43). Calculate the highest common divisor of g and 7.
7
Let m = 91 + -172. Let w = 147 + m. Calculate the greatest common factor of w and 165.
33
Let x be 7839/536 - 3/(-8). Suppose -5*u - 4*m + 21 = 0, -4*u + 2*m = m - 21. Calculate the greatest common factor of u and x.
5
Suppose -4*g + 2*k = 7*k - 67, 2*g - 71 = 5*k. Let f = g + -14. Let a(x) = 2*x - 5. Let o be a(f). Calculate the highest common factor of 65 and o.
13
Let a = 6 + -5. Let r be -1 + 2 - (6 + a). Let q be (-5)/15 - 98/r. Calculate the greatest common factor of 48 and q.
16
Let i be (0/3 + 4)*(-12)/(-3). What is the greatest common divisor of 256 and i?
16
Let k = 35 - 65. Let v = 21 + k. Let b(x) = x**2 + 8*x - 8. Let c be b(v). What is the highest common factor of c and 1?
1
Let l be 3*(-1 + (-50)/(-6)). Let g(i) = -2*i + 3. Let v be g(-3). Let y = l - v. Calculate the greatest common factor of y and 65.
13
Let i(s) = -2*s**2 - 5*s. Let y be i(-5). Let d be ((-13)/5 + 2)*y. Suppose d*v - 28 = 13*v. What is the highest common divisor of 154 and v?
14
Suppose 2*f + 2*j - 20 = 4*j, 2*j = -f + 10. Suppose -3*o = -2*g + 3 + f, -2*o + 10 = g. Calculate the greatest common factor of 88 and g.
8
Let w(z) = 2*z**3 - 4*z**2 - 6*z + 3. Let l be w(4). Let i = l + -31. Calculate the highest common factor of i and 4.
4
Let i(c) = -3*c - 14. Let s be i(-6). Suppose 27 = 5*d - s*d. What is the highest common factor of 18 and d?
9
Let f(w) = -w**2 - 24*w - 40. Let x be f(-22). What is the highest common factor of x and 2?
2
Suppose -51*z + 666 = 14*z + 9*z. Let d be 7 - ((-2 - -2) + -2). Calculate the greatest common divisor of d and z.
9
Let u(l) = -3*l**2 + 6*l - 3*l**2 + 5*l**2 - 2. Let z be u(5). Let n be (-141)/(-12) + z/(-4). Calculate the greatest common factor of n and 88.
11
Let u be (5*-2)/(2/4). Let o = u + 1. Let l = o - -25. What is the highest common divisor of l and 3?
3
Let d be (-2)/(423/72 + -6). Calculate the greatest common divisor of 1744 and d.
16
Let r(i) = 5*i - 40. Let q be r(17). Let z = -26 + q. Calculate the greatest common divisor of z and 57.
19
Let r = 86 - 44. Suppose -j = j - r. Suppose 20*g = 16*g + 420. What is the highest common divisor of j and g?
21
Let u(n) = n**3 + 6*n**2 + 5*n + 6. Let k be u(-5). Let d be -15*(-4 - -32)*(-4)/k. What is the greatest common divisor of d and 28?
28
Let w be (7380/(-72))/((-2)/12). Calculate the highest common divisor of 45 and w.
15
Let l be -177*(-4)/(-12)*2. Let x = l + 226. Suppose -5*y = -2*y - x. What is the highest common factor of 4 and y?
4
Let r(v) = v**3 + 3*v**2 - 2*v + 7. Let b be r(-5). Let h = b + 38. Calculate the greatest common factor of h and 25.
5
L